{"id":5590,"date":"2022-07-07T07:45:07","date_gmt":"2022-07-07T06:45:07","guid":{"rendered":"https:\/\/evome.hr\/?page_id=5590"},"modified":"2022-08-04T12:38:52","modified_gmt":"2022-08-04T11:38:52","slug":"doniraj","status":"publish","type":"page","link":"https:\/\/evome.hr\/?page_id=5590","title":{"rendered":"Podr\u017ei na\u0161 projekt!"},"content":{"rendered":"<style type=\"text\/css\"> \n#cmsmasters_row_69f4d6688b9a59_63462175 .cmsmasters_row_outer_parent { \n\tpadding-top: 50px; \n} \n\n#cmsmasters_row_69f4d6688b9a59_63462175 .cmsmasters_row_outer_parent { \n\tpadding-bottom: 50px; \n} \n\n#cmsmasters_row_69f4d6688b9a59_63462175 .cmsmasters_row_overlay { \n\tbackground-color:#26346d;\n} \n\n \n#cmsmasters_row_69f4d6688ba911_46902874 .cmsmasters_row_outer_parent { \n\tpadding-top: 0px; \n} \n\n#cmsmasters_row_69f4d6688ba911_46902874 .cmsmasters_row_outer_parent { \n\tpadding-bottom: 0px; \n} \n\n#cmsmasters_row_69f4d6688ba911_46902874 .cmsmasters_row_inner.cmsmasters_row_fullwidth { \n\tpadding-left:0%; \n} \n#cmsmasters_row_69f4d6688ba911_46902874 .cmsmasters_row_inner.cmsmasters_row_fullwidth { \n\tpadding-right:0%; \n} \n \n\n#cmsmasters_fb_69f4d6688bb2c6_77079441 { \n\tpadding-top:30px; \n\tpadding-bottom:50px; \n\tbackground-color:#f9b24b;\n} \n\n#cmsmasters_fb_69f4d6688bb2c6_77079441 .featured_block_inner { \n\twidth: 100%; \n\tpadding: 10% 20% 10% 20%; \n\ttext-align: center; \n\tmargin:0 auto; \n} \n\n#cmsmasters_fb_69f4d6688bb2c6_77079441 .featured_block_text { \n\ttext-align: center; \n} \n\n \n#cmsmasters_heading_69f4d6688bc089_97648132 { \n\ttext-align:center; \n\tmargin-top:0px; \n\tmargin-bottom:15px; \n} \n\n#cmsmasters_heading_69f4d6688bc089_97648132 .cmsmasters_heading { \n\ttext-align:center; \n} \n\n#cmsmasters_heading_69f4d6688bc089_97648132 .cmsmasters_heading, #cmsmasters_heading_69f4d6688bc089_97648132 .cmsmasters_heading a { \n\tfont-family:'Montserrat'; \n\tfont-size:36px; \n\tline-height:32px; \n\tfont-weight:700; \n\tfont-style:normal; \n\tcolor:#ffffff;\n} \n\n#cmsmasters_heading_69f4d6688bc089_97648132 .cmsmasters_heading_divider { \n} \n\n \n#cmsmasters_heading_69f4d6688bc662_38026224 { \n\ttext-align:center; \n\tmargin-top:0px; \n\tmargin-bottom:15px; \n} \n\n#cmsmasters_heading_69f4d6688bc662_38026224 .cmsmasters_heading { \n\ttext-align:center; \n} \n\n#cmsmasters_heading_69f4d6688bc662_38026224 .cmsmasters_heading, #cmsmasters_heading_69f4d6688bc662_38026224 .cmsmasters_heading a { \n\tfont-family:'Montserrat'; \n\tfont-size:22px; \n\tline-height:32px; \n\tfont-weight:400; \n\tfont-style:normal; \n\tcolor:#ffffff;\n} \n\n#cmsmasters_heading_69f4d6688bc662_38026224 .cmsmasters_heading_divider { \n} \n\n \n#cmsmasters_heading_69f4d6688bcad6_19935990 { \n\ttext-align:center; \n\tmargin-top:0px; \n\tmargin-bottom:15px; \n} \n\n#cmsmasters_heading_69f4d6688bcad6_19935990 .cmsmasters_heading { \n\ttext-align:center; \n} \n\n#cmsmasters_heading_69f4d6688bcad6_19935990 .cmsmasters_heading, #cmsmasters_heading_69f4d6688bcad6_19935990 .cmsmasters_heading a { \n\tfont-family:'Montserrat'; \n\tfont-size:22px; \n\tline-height:32px; \n\tfont-weight:400; \n\tfont-style:normal; \n\tcolor:#ffffff;\n} \n\n#cmsmasters_heading_69f4d6688bcad6_19935990 .cmsmasters_heading_divider { \n} \n\n \n\n#cmsmasters_fb_69f4d6688bd0d6_95953856 { \n\tpadding-top:30px; \n\tpadding-bottom:50px; \n\tbackground-color:#ed636a;\n} \n\n#cmsmasters_fb_69f4d6688bd0d6_95953856 .featured_block_inner { \n\twidth: 100%; \n\tpadding: 10% 20% 10% 20%; \n\ttext-align: center; \n\tmargin:0 auto; \n} \n\n#cmsmasters_fb_69f4d6688bd0d6_95953856 .featured_block_text { \n\ttext-align: center; \n} \n\n \n#cmsmasters_heading_69f4d6688bd720_76271137 { \n\ttext-align:left; \n\tmargin-top:0px; \n\tmargin-bottom:15px; \n} \n\n#cmsmasters_heading_69f4d6688bd720_76271137 .cmsmasters_heading { \n\ttext-align:left; \n} \n\n#cmsmasters_heading_69f4d6688bd720_76271137 .cmsmasters_heading, #cmsmasters_heading_69f4d6688bd720_76271137 .cmsmasters_heading a { \n\tfont-family:'Montserrat'; \n\tfont-size:36px; \n\tline-height:32px; \n\tfont-weight:700; \n\tfont-style:normal; \n\tcolor:#ffffff;\n} \n\n#cmsmasters_heading_69f4d6688bd720_76271137 .cmsmasters_heading_divider { \n} \n\n \n#cmsmasters_heading_69f4d6688bdb72_04335561 { \n\ttext-align:left; \n\tmargin-top:0px; \n\tmargin-bottom:15px; \n} \n\n#cmsmasters_heading_69f4d6688bdb72_04335561 .cmsmasters_heading { \n\ttext-align:left; \n} \n\n#cmsmasters_heading_69f4d6688bdb72_04335561 .cmsmasters_heading, #cmsmasters_heading_69f4d6688bdb72_04335561 .cmsmasters_heading a { \n\tfont-family:'Montserrat'; \n\tfont-size:36px; \n\tline-height:32px; \n\tfont-weight:700; \n\tfont-style:normal; \n\tcolor:#ffffff;\n} \n\n#cmsmasters_heading_69f4d6688bdb72_04335561 .cmsmasters_heading_divider { \n} \n\n \n#cmsmasters_heading_69f4d6688bdf68_14608462 { \n\ttext-align:left; \n\tmargin-top:0px; \n\tmargin-bottom:15px; \n} \n\n#cmsmasters_heading_69f4d6688bdf68_14608462 .cmsmasters_heading { \n\ttext-align:left; \n} \n\n#cmsmasters_heading_69f4d6688bdf68_14608462 .cmsmasters_heading, #cmsmasters_heading_69f4d6688bdf68_14608462 .cmsmasters_heading a { \n\tfont-family:'Montserrat'; \n\tfont-size:22px; \n\tline-height:32px; \n\tfont-weight:400; \n\tfont-style:normal; \n\tcolor:#ffffff;\n} \n\n#cmsmasters_heading_69f4d6688bdf68_14608462 .cmsmasters_heading_divider { \n} \n\n \n#cmsmasters_heading_69f4d6688be348_53924850 { \n\ttext-align:left; \n\tmargin-top:0px; \n\tmargin-bottom:15px; \n} \n\n#cmsmasters_heading_69f4d6688be348_53924850 .cmsmasters_heading { \n\ttext-align:left; \n} \n\n#cmsmasters_heading_69f4d6688be348_53924850 .cmsmasters_heading, #cmsmasters_heading_69f4d6688be348_53924850 .cmsmasters_heading a { \n\tfont-family:'Montserrat'; \n\tfont-size:22px; \n\tline-height:32px; \n\tfont-weight:400; \n\tfont-style:normal; \n\tcolor:#ffffff;\n} \n\n#cmsmasters_heading_69f4d6688be348_53924850 .cmsmasters_heading_divider { \n} \n\n<\/style><div id=\"cmsmasters_row_69f4d6688b9a59_63462175\" class=\"cmsmasters_row cmsmasters_color_scheme_default cmsmasters_row_top_default cmsmasters_row_bot_default cmsmasters_row_boxed\">\n<div class=\"cmsmasters_row_outer_parent\">\n<div class=\"cmsmasters_row_overlay\"><\/div>\n<div class=\"cmsmasters_row_outer\">\n<div class=\"cmsmasters_row_inner\">\n<div class=\"cmsmasters_row_margin\">\n<div class=\"cmsmasters_column one_first\">\n<\/div>\n<\/div>\n<\/div>\n<\/div>\n<\/div>\n<\/div>\n<div id=\"cmsmasters_row_69f4d6688ba911_46902874\" class=\"cmsmasters_row cmsmasters_color_scheme_default cmsmasters_row_top_default cmsmasters_row_bot_default cmsmasters_row_fullwidth\">\n<div class=\"cmsmasters_row_outer_parent\">\n<div class=\"cmsmasters_row_outer\">\n<div class=\"cmsmasters_row_inner cmsmasters_row_fullwidth cmsmasters_row_no_margin\">\n<div class=\"cmsmasters_row_margin cmsmasters_row_columns_behavior\">\n<div class=\"cmsmasters_column one_half\">\n<div id=\"cmsmasters_fb_69f4d6688bb2c6_77079441\" class=\"cmsmasters_featured_block\">\n<div class=\"featured_block_inner\">\n<div class=\"featured_block_text\">\n<p>&nbsp;<\/p>\n<p style=\"text-align: center;\">\n<div id=\"cmsmasters_heading_69f4d6688bc089_97648132\" class=\"cmsmasters_heading_wrap cmsmasters_heading_align_center\">\n\t<h3 class=\"cmsmasters_heading\">Doniraj<\/h3>\n<\/div>\n<div id=\"cmsmasters_heading_69f4d6688bc662_38026224\" class=\"cmsmasters_heading_wrap cmsmasters_heading_align_center\">\n\t<h3 class=\"cmsmasters_heading\">\n<p style=\"text-align: center;\"><img loading=\"lazy\" decoding=\"async\" class=\"size-medium wp-image-5487 alignnone\" src=\"https:\/\/evome.hr\/wp-content\/uploads\/2016\/05\/web_slika-7-300x186.jpeg\" alt=\"\" width=\"300\" height=\"186\" srcset=\"https:\/\/evome.hr\/wp-content\/uploads\/2016\/05\/web_slika-7-300x186.jpeg 300w, https:\/\/evome.hr\/wp-content\/uploads\/2016\/05\/web_slika-7.jpeg 370w\" sizes=\"auto, (max-width: 300px) 100vw, 300px\" \/><\/p>\n<p style=\"text-align: center;\">Skeniraj za donaciju<span style=\"font-weight: 400;\">.<\/span><\/p>\n<p style=\"text-align: center;\"><span style=\"font-weight: 400;\"><\/h3>\n<\/div>\n<div id=\"cmsmasters_heading_69f4d6688bcad6_19935990\" class=\"cmsmasters_heading_wrap cmsmasters_heading_align_center\">\n\t<h3 class=\"cmsmasters_heading\"><\/span><\/p>\n<p style=\"text-align: center;\">IBAN: HR4723600001102440996<\/p>\n<p style=\"text-align: center;\">SWIFT: ZABAHR2X<\/p>\n<p style=\"text-align: center;\">Udruga To\u010dka<br \/>\nKampanja 21<br \/>\n51000 Rijeka<span style=\"font-weight: 400;\"><\/h3>\n<\/div><\/span><\/p>\n<\/div>\n<\/div>\n<\/div>\n<\/div>\n<div class=\"cmsmasters_column one_half\">\n<div id=\"cmsmasters_fb_69f4d6688bd0d6_95953856\" class=\"cmsmasters_featured_block\">\n<div class=\"featured_block_inner\">\n<div class=\"featured_block_text\">\n<p>&nbsp;<\/p>\n\n<div id=\"cmsmasters_heading_69f4d6688bd720_76271137\" class=\"cmsmasters_heading_wrap cmsmasters_heading_align_left\">\n\t<h3 class=\"cmsmasters_heading\">Pomozi ostvariti<\/p>\n<p>projekt <em>Evo me<\/em>!<\/h3>\n<\/div>\n<div id=\"cmsmasters_heading_69f4d6688bdb72_04335561\" class=\"cmsmasters_heading_wrap cmsmasters_heading_align_left\">\n\t<h3 class=\"cmsmasters_heading\"><\/h3>\n<\/div>\n<div id=\"cmsmasters_heading_69f4d6688bdf68_14608462\" class=\"cmsmasters_heading_wrap cmsmasters_heading_align_left\">\n\t<h3 class=\"cmsmasters_heading\">Donacije usmjeravamo prema razvoju i u\u010dvr\u0161\u0107ivanju na\u0161ih odgojno \u2013 evangelizacijskih programa koji \u0107e mladima omogu\u0107iti da prepoznaju svoju vrijednost i ostvare svoj poziv.<\/h3>\n<\/div>\n<div id=\"cmsmasters_heading_69f4d6688be348_53924850\" class=\"cmsmasters_heading_wrap cmsmasters_heading_align_left\">\n\t<h3 class=\"cmsmasters_heading\"><\/h3>\n<\/div>\n<\/div>\n<\/div>\n<\/div>\n<\/div>\n<\/div>\n<\/div>\n<\/div>\n<\/div>\n<\/div>\n\n","protected":false},"excerpt":{"rendered":"","protected":false},"author":1,"featured_media":0,"parent":0,"menu_order":0,"comment_status":"closed","ping_status":"closed","template":"","meta":{"footnotes":""},"class_list":["post-5590","page","type-page","status-publish","hentry"],"_links":{"self":[{"href":"https:\/\/evome.hr\/index.php?rest_route=\/wp\/v2\/pages\/5590","targetHints":{"allow":["GET"]}}],"collection":[{"href":"https:\/\/evome.hr\/index.php?rest_route=\/wp\/v2\/pages"}],"about":[{"href":"https:\/\/evome.hr\/index.php?rest_route=\/wp\/v2\/types\/page"}],"author":[{"embeddable":true,"href":"https:\/\/evome.hr\/index.php?rest_route=\/wp\/v2\/users\/1"}],"replies":[{"embeddable":true,"href":"https:\/\/evome.hr\/index.php?rest_route=%2Fwp%2Fv2%2Fcomments&post=5590"}],"version-history":[{"count":58,"href":"https:\/\/evome.hr\/index.php?rest_route=\/wp\/v2\/pages\/5590\/revisions"}],"predecessor-version":[{"id":6348,"href":"https:\/\/evome.hr\/index.php?rest_route=\/wp\/v2\/pages\/5590\/revisions\/6348"}],"wp:attachment":[{"href":"https:\/\/evome.hr\/index.php?rest_route=%2Fwp%2Fv2%2Fmedia&parent=5590"}],"curies":[{"name":"wp","href":"https:\/\/api.w.org\/{rel}","templated":true}]}}