{"id":5975,"date":"2022-07-12T13:08:52","date_gmt":"2022-07-12T12:08:52","guid":{"rendered":"https:\/\/evome.hr\/?page_id=5975"},"modified":"2024-11-07T15:57:59","modified_gmt":"2024-11-07T14:57:59","slug":"pilot-program","status":"publish","type":"page","link":"https:\/\/evome.hr\/?page_id=5975","title":{"rendered":"Pilot program"},"content":{"rendered":"<style type=\"text\/css\"> \n#cmsmasters_row_69da0ed3681f55_18429148 { \n\tbackground-color:#7d5b8c;\n\tbackground-image: url(https:\/\/evome.hr\/wp-content\/uploads\/2024\/11\/About.png); \n\tbackground-position: top center; \n\tbackground-repeat: no-repeat; \n\tbackground-attachment: scroll; \n\tbackground-size: cover; \n} \n\n#cmsmasters_row_69da0ed3681f55_18429148 .cmsmasters_row_outer_parent { \n\tpadding-top: 200px; \n} \n\n#cmsmasters_row_69da0ed3681f55_18429148 .cmsmasters_row_outer_parent { \n\tpadding-bottom: 200px; \n} \n\n \n#cmsmasters_heading_69da0ed3684fd8_50321350 { \n\ttext-align:center; \n\tmargin-top:0px; \n\tmargin-bottom:30px; \n} \n\n#cmsmasters_heading_69da0ed3684fd8_50321350 .cmsmasters_heading { \n\ttext-align:center; \n} \n\n#cmsmasters_heading_69da0ed3684fd8_50321350 .cmsmasters_heading, #cmsmasters_heading_69da0ed3684fd8_50321350 .cmsmasters_heading a { \n\tfont-family:'Montserrat'; \n\tfont-size:26px; \n\tfont-weight:normal; \n\tfont-style:normal; \n\tcolor:#ffffff;\n} \n\n#cmsmasters_heading_69da0ed3684fd8_50321350 .cmsmasters_heading_divider { \n} \n\n \n#cmsmasters_heading_69da0ed3685724_04931886 { \n\ttext-align:center; \n\tmargin-top:0px; \n\tmargin-bottom:40px; \n} \n\n#cmsmasters_heading_69da0ed3685724_04931886 .cmsmasters_heading { \n\ttext-align:center; \n} \n\n#cmsmasters_heading_69da0ed3685724_04931886 .cmsmasters_heading, #cmsmasters_heading_69da0ed3685724_04931886 .cmsmasters_heading a { \n\tfont-family:'Montserrat'; \n\tfont-size:48px; \n\tline-height:56px; \n\tfont-weight:700; \n\tfont-style:normal; \n\tcolor:#ffffff;\n} \n\n#cmsmasters_heading_69da0ed3685724_04931886 .cmsmasters_heading_divider { \n} \n\n \n#cmsmasters_row_69da0ed36859d7_70482036 { \n\tbackground-color:#26346d;\n} \n\n#cmsmasters_row_69da0ed36859d7_70482036 .cmsmasters_row_outer_parent { \n\tpadding-top: 90px; \n} \n\n#cmsmasters_row_69da0ed36859d7_70482036 .cmsmasters_row_outer_parent { \n\tpadding-bottom: 90px; \n} \n\n \n#cmsmasters_row_69da0ed36867a1_72536715 { \n\tbackground-image: url(https:\/\/evome.hr\/wp-content\/uploads\/2024\/11\/ZIVA-VATRA-Formativni-susret-Split-33.jpg); \n\tbackground-position: top center; \n\tbackground-repeat: no-repeat; \n\tbackground-attachment: scroll; \n\tbackground-size: cover; \n} \n\n#cmsmasters_row_69da0ed36867a1_72536715 .cmsmasters_row_outer_parent { \n\tpadding-top: 0px; \n} \n\n#cmsmasters_row_69da0ed36867a1_72536715 .cmsmasters_row_outer_parent { \n\tpadding-bottom: 0px; \n} \n\n#cmsmasters_row_69da0ed36867a1_72536715 .cmsmasters_row_inner.cmsmasters_row_fullwidth { \n\tpadding-left:0%; \n} \n#cmsmasters_row_69da0ed36867a1_72536715 .cmsmasters_row_inner.cmsmasters_row_fullwidth { \n\tpadding-right:0%; \n} \n \n\n#cmsmasters_fb_69da0ed3688145_46222172 { \n\tpadding-top:265px; \n\tpadding-bottom:265px; \n\tbackground-image: url(https:\/\/evome.hr\/wp-content\/uploads\/2024\/11\/ZIVA-VATRA-Formativni-susret-Split-33-1.jpg); \n\tbackground-position: top center; \n\tbackground-repeat: no-repeat; \n\tbackground-attachment: scroll; \n\tbackground-size: cover; \n} \n\n#cmsmasters_fb_69da0ed3688145_46222172 .featured_block_inner { \n\twidth: 100%; \n\tpadding: ; \n\ttext-align: left; \n\tmargin:0 auto; \n} \n\n#cmsmasters_fb_69da0ed3688145_46222172 .featured_block_text { \n\ttext-align: left; \n} \n\n \n\n#cmsmasters_fb_69da0ed3689a07_55682051 { \n\tpadding-top:30px; \n\tpadding-bottom:50px; \n\tbackground-color:#d14f42;\n} \n\n#cmsmasters_fb_69da0ed3689a07_55682051 .featured_block_inner { \n\twidth: 100%; \n\tpadding: 10% 20% 10% 20%; \n\ttext-align: left; \n\tmargin:0 auto; \n} \n\n#cmsmasters_fb_69da0ed3689a07_55682051 .featured_block_text { \n\ttext-align: left; \n} \n\n \n#cmsmasters_heading_69da0ed368a3d0_24099947 { \n\ttext-align:left; \n\tmargin-top:0px; \n\tmargin-bottom:10px; \n} \n\n#cmsmasters_heading_69da0ed368a3d0_24099947 .cmsmasters_heading { \n\ttext-align:left; \n} \n\n#cmsmasters_heading_69da0ed368a3d0_24099947 .cmsmasters_heading, #cmsmasters_heading_69da0ed368a3d0_24099947 .cmsmasters_heading a { \n\tfont-family:'Montserrat'; \n\tfont-size:28px; \n\tline-height:32px; \n\tfont-weight:700; \n\tfont-style:normal; \n\tcolor:#ffffff;\n} \n\n#cmsmasters_heading_69da0ed368a3d0_24099947 .cmsmasters_heading_divider { \n} \n\n \n#cmsmasters_heading_69da0ed368a9a2_06114850 { \n\ttext-align:left; \n\tmargin-top:0px; \n\tmargin-bottom:20px; \n} \n\n#cmsmasters_heading_69da0ed368a9a2_06114850 .cmsmasters_heading { \n\ttext-align:left; \n} \n\n#cmsmasters_heading_69da0ed368a9a2_06114850 .cmsmasters_heading, #cmsmasters_heading_69da0ed368a9a2_06114850 .cmsmasters_heading a { \n\tfont-family:'Montserrat'; \n\tfont-size:28px; \n\tline-height:32px; \n\tfont-weight:700; \n\tfont-style:normal; \n\tcolor:#ffffff;\n} \n\n#cmsmasters_heading_69da0ed368a9a2_06114850 .cmsmasters_heading_divider { \n} \n\n \n#cmsmasters_heading_69da0ed368ae29_93659642 { \n\ttext-align:left; \n\tmargin-top:0px; \n\tmargin-bottom:10px; \n} \n\n#cmsmasters_heading_69da0ed368ae29_93659642 .cmsmasters_heading { \n\ttext-align:left; \n} \n\n#cmsmasters_heading_69da0ed368ae29_93659642 .cmsmasters_heading, #cmsmasters_heading_69da0ed368ae29_93659642 .cmsmasters_heading a { \n\tfont-family:'Source Sans Pro'; \n\tfont-size:16px; \n\tline-height:26px; \n\tfont-weight:400; \n\tfont-style:normal; \n\tcolor:#ffffff;\n} \n\n#cmsmasters_heading_69da0ed368ae29_93659642 .cmsmasters_heading_divider { \n} \n\n<\/style><div id=\"cmsmasters_row_69da0ed3681f55_18429148\" class=\"cmsmasters_row cmsmasters_color_scheme_default cmsmasters_row_top_default cmsmasters_row_bot_default cmsmasters_row_boxed\">\n<div class=\"cmsmasters_row_outer_parent\">\n<div class=\"cmsmasters_row_outer\">\n<div class=\"cmsmasters_row_inner\">\n<div class=\"cmsmasters_row_margin\">\n<div class=\"cmsmasters_column one_fourth\">\n<\/div>\n<div class=\"cmsmasters_column one_half\">\n\n<div id=\"cmsmasters_heading_69da0ed3684fd8_50321350\" class=\"cmsmasters_heading_wrap cmsmasters_heading_align_center\">\n\t<h1 class=\"cmsmasters_heading\"><em>Pilot program<\/em> <\/h1>\n<\/div>\n<div id=\"cmsmasters_heading_69da0ed3685724_04931886\" class=\"cmsmasters_heading_wrap cmsmasters_heading_align_center\">\n\t<h1 class=\"cmsmasters_heading\"><strong>Prenosimo katehetama na\u0161 osobiti stil vo\u0111enja kateheza <\/strong><\/h1>\n<\/div>\n<\/div>\n<div class=\"cmsmasters_column one_fourth\">\n<\/div>\n<\/div>\n<\/div>\n<\/div>\n<\/div>\n<\/div>\n<div id=\"cmsmasters_row_69da0ed36859d7_70482036\" class=\"cmsmasters_row cmsmasters_color_scheme_default cmsmasters_row_top_default cmsmasters_row_bot_default cmsmasters_row_boxed\">\n<div class=\"cmsmasters_row_outer_parent\">\n<div class=\"cmsmasters_row_outer\">\n<div class=\"cmsmasters_row_inner\">\n<div class=\"cmsmasters_row_margin\">\n<div class=\"cmsmasters_column one_half\">\n<div class=\"cmsmasters_text\">\n<p><span style=\"color: #ffffff;\"><strong>#dvacilja<\/strong><\/span><\/p>\n<p><span style=\"color: #ffffff;\">Glavna svrha pilot programa \u017dive vatre bila je osna\u017eiti \u017eupne zajednice za provedbu programa te na temelju povratnih informacija s terena unaprijediti kona\u010dnu verziju programa za provedbu u budu\u0107nosti. Dok se sadr\u017eaji nisu dovr\u0161ili, pilot program se usredoto\u010dio na formaciju \u017eupnih kateheta u sklopu koje im se prenosio stil vo\u0111enja kateheze koji njeguje program \u017diva vatra.<\/span><\/p>\n<\/div>\n<\/div>\n<div class=\"cmsmasters_column one_half\">\n<div class=\"cmsmasters_text\">\n<p><span style=\"color: #ffffff;\"><strong>#\u017eupe<\/strong><\/span><\/p>\n<p><span style=\"color: #ffffff;\">Svaka \u017eupa koja je sudjelovala u pilot programu trebala je imenovati programskog koordinatora koji je slu\u017eio kao posrednik izme\u0111u \u017eupe i pru\u017eatelja programa. \u017dupa je tako\u0111er bila du\u017ena redovito okupljati katehetsku zajednicu, izraditi pastoralni plan i program te vrjednovati program priprave za sakrament potvrde.<\/span><\/p>\n<\/div>\n<\/div>\n<\/div>\n<\/div>\n<\/div>\n<\/div>\n<\/div>\n<div id=\"cmsmasters_row_69da0ed36867a1_72536715\" class=\"cmsmasters_row cmsmasters_color_scheme_default cmsmasters_row_top_default cmsmasters_row_bot_default cmsmasters_row_fullwidth\">\n<div class=\"cmsmasters_row_outer_parent\">\n<div class=\"cmsmasters_row_outer\">\n<div class=\"cmsmasters_row_inner cmsmasters_row_fullwidth cmsmasters_row_no_margin\">\n<div class=\"cmsmasters_row_margin cmsmasters_row_columns_behavior\">\n<div class=\"cmsmasters_column one_half\">\n<div id=\"cmsmasters_fb_69da0ed3688145_46222172\" class=\"cmsmasters_featured_block\">\n<div class=\"featured_block_inner\">\n<div class=\"featured_block_text\"><p><\/p>\n<\/div>\n<\/div>\n<\/div>\n<\/div>\n<div class=\"cmsmasters_column one_half\">\n<div id=\"cmsmasters_fb_69da0ed3689a07_55682051\" class=\"cmsmasters_featured_block\">\n<div class=\"featured_block_inner\">\n<div class=\"featured_block_text\">\n<p style=\"text-align: left;\">\n<div id=\"cmsmasters_heading_69da0ed368a3d0_24099947\" class=\"cmsmasters_heading_wrap cmsmasters_heading_align_left\">\n\t<h3 class=\"cmsmasters_heading\"><\/h3>\n<\/div>\n<div id=\"cmsmasters_heading_69da0ed368a9a2_06114850\" class=\"cmsmasters_heading_wrap cmsmasters_heading_align_left\">\n\t<h3 class=\"cmsmasters_heading\">Koje \u017eupe su sudjelovale u pilot programu \u017diva vatra?<\/h3>\n<\/div>\n<p style=\"text-align: left;\">\n<div id=\"cmsmasters_heading_69da0ed368ae29_93659642\" class=\"cmsmasters_heading_wrap cmsmasters_heading_align_left\">\n\t<h5 class=\"cmsmasters_heading\"><span style=\"font-weight: 400;\">U sklopu pilot programa <\/span><span style=\"font-weight: 400;\">\u017diva vatra bilo je<\/span><span style=\"font-weight: 400;\"> uklju\u010deno 8 \u017eupa:<\/span><\/p>\n<p>&nbsp;<\/p>\n<p style=\"text-align: left;\"><span style=\"font-weight: 400;\">&#8211; \u017dupa Gospe u Siti iz Stro\u017eanca\u00a0<\/span><\/p>\n<p style=\"text-align: left;\"><span style=\"font-weight: 400;\">&#8211; \u017dupa Svete Ane (Gornja Ve\u017eica) iz Rijeke<\/span><\/p>\n<p style=\"text-align: left;\"><span style=\"font-weight: 400;\">&#8211; \u017dupa Mu\u010deni\u0161tva svetog Ivana Krstitelja iz \u017dupanje<\/span><\/p>\n<p style=\"text-align: left;\"><span style=\"font-weight: 400;\">&#8211; \u017dupa Uznesenja BDM iz Ka\u0161tel Luk\u0161i\u0107a<\/span><\/p>\n<p>&#8211; \u017dupa Pomo\u0107nice kr\u0161\u0107ana (Kman) iz Splita<\/p>\n<p>&#8211; \u017dupa Marije Pomo\u0107nice iz Rijeke<\/p>\n<p>&#8211; \u017dupa Sveti Petar u \u0160umi<\/p>\n<p>&#8211; \u017dupa svetog Nikole biskupa iz Jastrebarskog<\/p>\n<p style=\"text-align: left;\"><\/h5>\n<\/div>\n<\/div>\n<\/div>\n<\/div>\n<\/div>\n<\/div>\n<\/div>\n<\/div>\n<\/div>\n<\/div>\n\n","protected":false},"excerpt":{"rendered":"","protected":false},"author":1,"featured_media":0,"parent":0,"menu_order":0,"comment_status":"closed","ping_status":"closed","template":"","meta":{"footnotes":""},"class_list":["post-5975","page","type-page","status-publish","hentry"],"_links":{"self":[{"href":"https:\/\/evome.hr\/index.php?rest_route=\/wp\/v2\/pages\/5975","targetHints":{"allow":["GET"]}}],"collection":[{"href":"https:\/\/evome.hr\/index.php?rest_route=\/wp\/v2\/pages"}],"about":[{"href":"https:\/\/evome.hr\/index.php?rest_route=\/wp\/v2\/types\/page"}],"author":[{"embeddable":true,"href":"https:\/\/evome.hr\/index.php?rest_route=\/wp\/v2\/users\/1"}],"replies":[{"embeddable":true,"href":"https:\/\/evome.hr\/index.php?rest_route=%2Fwp%2Fv2%2Fcomments&post=5975"}],"version-history":[{"count":24,"href":"https:\/\/evome.hr\/index.php?rest_route=\/wp\/v2\/pages\/5975\/revisions"}],"predecessor-version":[{"id":6457,"href":"https:\/\/evome.hr\/index.php?rest_route=\/wp\/v2\/pages\/5975\/revisions\/6457"}],"wp:attachment":[{"href":"https:\/\/evome.hr\/index.php?rest_route=%2Fwp%2Fv2%2Fmedia&parent=5975"}],"curies":[{"name":"wp","href":"https:\/\/api.w.org\/{rel}","templated":true}]}}