{"id":5687,"date":"2022-07-07T10:25:35","date_gmt":"2022-07-07T09:25:35","guid":{"rendered":"https:\/\/evome.hr\/?post_type=profile&#038;p=5687"},"modified":"2024-11-20T16:55:54","modified_gmt":"2024-11-20T15:55:54","slug":"don-branko-bendra","status":"publish","type":"profile","link":"https:\/\/evome.hr\/?profile=don-branko-bendra","title":{"rendered":"don Branko Bendra"},"content":{"rendered":"<style type=\"text\/css\"> \n#cmsmasters_row_69f285a47ac104_08067707 .cmsmasters_row_outer_parent { \n\tpadding-top: 0px; \n} \n\n#cmsmasters_row_69f285a47ac104_08067707 .cmsmasters_row_outer_parent { \n\tpadding-bottom: 50px; \n} \n\n \n#cmsmasters_row_69f285a47aecd1_74608626 .cmsmasters_row_inner.cmsmasters_row_fullwidth { \n\tpadding-left:15%; \n} \n#cmsmasters_row_69f285a47aecd1_74608626 .cmsmasters_row_inner.cmsmasters_row_fullwidth { \n\tpadding-right:15%; \n} \n<\/style><div id=\"cmsmasters_row_69f285a47ac104_08067707\" class=\"cmsmasters_row cmsmasters_color_scheme_default cmsmasters_row_top_default cmsmasters_row_bot_default cmsmasters_row_boxed\">\n<div class=\"cmsmasters_row_outer_parent\">\n<div class=\"cmsmasters_row_outer\">\n<div class=\"cmsmasters_row_inner\">\n<div class=\"cmsmasters_row_margin\">\n<div class=\"cmsmasters_column one_first\">\n<div class=\"aligncenter\">\n<div class=\"cmsmasters_img  cmsmasters_image_c\">\n<img decoding=\"async\" src=\"https:\/\/evome.hr\/wp-content\/uploads\/2024\/11\/Prirucnici-za-katehete-i-dnevnik-putovanja-za-krizmanike.-Dvije-godine-pripreme.-Odlicni-prirucnici.-Autorski-tim-sastavljen-od-najboljih-i-najkreativnijih-ljudi.-Prirucnici-nastali-ovdje.-Nije-ni-5-1-300x300.png\" \/>\n<\/div>\n<\/div>\n<\/div>\n<\/div>\n<\/div>\n<\/div>\n<\/div>\n<\/div>\n<div id=\"cmsmasters_row_69f285a47aecd1_74608626\" class=\"cmsmasters_row cmsmasters_color_scheme_default cmsmasters_row_top_default cmsmasters_row_bot_default cmsmasters_row_fullwidth\">\n<div class=\"cmsmasters_row_outer_parent\">\n<div class=\"cmsmasters_row_outer\">\n<div class=\"cmsmasters_row_inner cmsmasters_row_fullwidth\">\n<div class=\"cmsmasters_row_margin\">\n<div class=\"cmsmasters_column one_first\">\n<div class=\"cmsmasters_text\">\n<p>Don Branko Bendra salezijanac je sve\u0107enik ro\u0111en 1988. u Zagrebu. Zavr\u0161io je Nadbiskupijsku klasi\u010dnu gimnaziju u Zagrebu nakon koje ulazi kao kandidat u Zajednicu za odgoj salezijanskih zvanja u Podsusedu te 2007. ulazi u novicijat u Pinerolu pokraj Torina. Zavr\u0161io je studij filozofije na Papinskom Sveu\u010dili\u0161tu Salesiana u Rimu nakon kojeg odlazi na dvije godine asistencije u Hrvatsku. Potom studira teolo\u0161ki studij na Sveu\u010dili\u0161tu Crocetta u Torinu. Za sve\u0107enika je zare\u0111en 14. svibnja 2016. u sveti\u0161tu Sveta Mati Slobode, polaganjem ruku i posvetnom molitvom mons. Valentina Pozai\u0107a. Po dolasku Hrvatsku obna\u0161ao je du\u017enost voditelja salezijanskog Oratorija don Bosco u \u017dep\u010du, salezijanskog povjerenika za pastoral mladih te \u017eupnog vikara u \u017dupi sv. Ivana Bosca u Podsusedu. Trenutno je vikar Hrvatske salezijanske provincije.<br \/>\nBranko je dugogodi\u0161nji suradnik, prijatelj i podr\u017eavatelj na\u0161eg projekta Evo me, pa i samog programa &#8220;\u017diva vatra&#8221;.<br \/>\nSvoje bogato salezijanskog, pedago\u0161ko i teolo\u0161ko iskustvo dijeli kroz na\u0161 program &#8220;\u017diva vatra&#8221; tako \u0161to vodi formaciju kateheta uz Janju Tomi\u0107.<\/p>\n<\/div>\n<\/div>\n<\/div>\n<\/div>\n<\/div>\n<\/div>\n<\/div>\n\n","protected":false},"excerpt":{"rendered":"","protected":false},"featured_media":6542,"menu_order":0,"comment_status":"closed","ping_status":"closed","template":"","meta":{"footnotes":""},"pl-categs":[75],"class_list":["post-5687","profile","type-profile","status-publish","has-post-thumbnail","hentry","pl-categs-udruga_tocka"],"_links":{"self":[{"href":"https:\/\/evome.hr\/index.php?rest_route=\/wp\/v2\/profile\/5687","targetHints":{"allow":["GET"]}}],"collection":[{"href":"https:\/\/evome.hr\/index.php?rest_route=\/wp\/v2\/profile"}],"about":[{"href":"https:\/\/evome.hr\/index.php?rest_route=\/wp\/v2\/types\/profile"}],"replies":[{"embeddable":true,"href":"https:\/\/evome.hr\/index.php?rest_route=%2Fwp%2Fv2%2Fcomments&post=5687"}],"version-history":[{"count":7,"href":"https:\/\/evome.hr\/index.php?rest_route=\/wp\/v2\/profile\/5687\/revisions"}],"predecessor-version":[{"id":6947,"href":"https:\/\/evome.hr\/index.php?rest_route=\/wp\/v2\/profile\/5687\/revisions\/6947"}],"wp:featuredmedia":[{"embeddable":true,"href":"https:\/\/evome.hr\/index.php?rest_route=\/wp\/v2\/media\/6542"}],"wp:attachment":[{"href":"https:\/\/evome.hr\/index.php?rest_route=%2Fwp%2Fv2%2Fmedia&parent=5687"}],"wp:term":[{"taxonomy":"pl-categs","embeddable":true,"href":"https:\/\/evome.hr\/index.php?rest_route=%2Fwp%2Fv2%2Fpl-categs&post=5687"}],"curies":[{"name":"wp","href":"https:\/\/api.w.org\/{rel}","templated":true}]}}

<style type="text/css"> 
#cmsmasters_row_69f285a47ac104_08067707 .cmsmasters_row_outer_parent { 
	padding-top: 0px; 
} 

#cmsmasters_row_69f285a47ac104_08067707 .cmsmasters_row_outer_parent { 
	padding-bottom: 50px; 
} 

 
#cmsmasters_row_69f285a47aecd1_74608626 .cmsmasters_row_inner.cmsmasters_row_fullwidth { 
	padding-left:15%; 
} 
#cmsmasters_row_69f285a47aecd1_74608626 .cmsmasters_row_inner.cmsmasters_row_fullwidth { 
	padding-right:15%; 
} 
</style><div id="cmsmasters_row_69f285a47ac104_08067707" class="cmsmasters_row cmsmasters_color_scheme_default cmsmasters_row_top_default cmsmasters_row_bot_default cmsmasters_row_boxed">
<div class="cmsmasters_row_outer_parent">
<div class="cmsmasters_row_outer">
<div class="cmsmasters_row_inner">
<div class="cmsmasters_row_margin">
<div class="cmsmasters_column one_first">
<div class="aligncenter">
<div class="cmsmasters_img  cmsmasters_image_c">
<img decoding="async" src="https://evome.hr/wp-content/uploads/2024/11/Prirucnici-za-katehete-i-dnevnik-putovanja-za-krizmanike.-Dvije-godine-pripreme.-Odlicni-prirucnici.-Autorski-tim-sastavljen-od-najboljih-i-najkreativnijih-ljudi.-Prirucnici-nastali-ovdje.-Nije-ni-5-1-300x300.png" />
</div>
</div>
</div>
</div>
</div>
</div>
</div>
</div>
<div id="cmsmasters_row_69f285a47aecd1_74608626" class="cmsmasters_row cmsmasters_color_scheme_default cmsmasters_row_top_default cmsmasters_row_bot_default cmsmasters_row_fullwidth">
<div class="cmsmasters_row_outer_parent">
<div class="cmsmasters_row_outer">
<div class="cmsmasters_row_inner cmsmasters_row_fullwidth">
<div class="cmsmasters_row_margin">
<div class="cmsmasters_column one_first">
<div class="cmsmasters_text">
<p>Don Branko Bendra salezijanac je svećenik rođen 1988. u Zagrebu. Završio je Nadbiskupijsku klasičnu gimnaziju u Zagrebu nakon koje ulazi kao kandidat u Zajednicu za odgoj salezijanskih zvanja u Podsusedu te 2007. ulazi u novicijat u Pinerolu pokraj Torina. Završio je studij filozofije na Papinskom Sveučilištu Salesiana u Rimu nakon kojeg odlazi na dvije godine asistencije u Hrvatsku. Potom studira teološki studij na Sveučilištu Crocetta u Torinu. Za svećenika je zaređen 14. svibnja 2016. u svetištu Sveta Mati Slobode, polaganjem ruku i posvetnom molitvom mons. Valentina Pozaića. Po dolasku Hrvatsku obnašao je dužnost voditelja salezijanskog Oratorija don Bosco u Žepču, salezijanskog povjerenika za pastoral mladih te župnog vikara u Župi sv. Ivana Bosca u Podsusedu. Trenutno je vikar Hrvatske salezijanske provincije.<br />
Branko je dugogodišnji suradnik, prijatelj i podržavatelj našeg projekta Evo me, pa i samog programa &#8220;Živa vatra&#8221;.<br />
Svoje bogato salezijanskog, pedagoško i teološko iskustvo dijeli kroz naš program &#8220;Živa vatra&#8221; tako što vodi formaciju kateheta uz Janju Tomić.</p>
</div>
</div>
</div>
</div>
</div>
</div>
</div>
