{"id":6529,"date":"2024-11-08T14:30:03","date_gmt":"2024-11-08T13:30:03","guid":{"rendered":"https:\/\/evome.hr\/?post_type=profile&#038;p=6529"},"modified":"2024-11-20T17:04:14","modified_gmt":"2024-11-20T16:04:14","slug":"don-branko-bendra-2","status":"publish","type":"profile","link":"https:\/\/evome.hr\/?profile=don-branko-bendra-2","title":{"rendered":"don Branko Bendra"},"content":{"rendered":"<style type=\"text\/css\"> \n#cmsmasters_row_69f285a9b67b96_35714165 .cmsmasters_row_outer_parent { \n\tpadding-top: 0px; \n} \n\n#cmsmasters_row_69f285a9b67b96_35714165 .cmsmasters_row_outer_parent { \n\tpadding-bottom: 50px; \n} \n\n<\/style><div id=\"cmsmasters_row_69f285a9b67b96_35714165\" class=\"cmsmasters_row cmsmasters_color_scheme_default cmsmasters_row_top_default cmsmasters_row_bot_default cmsmasters_row_boxed\">\n<div class=\"cmsmasters_row_outer_parent\">\n<div class=\"cmsmasters_row_outer\">\n<div class=\"cmsmasters_row_inner\">\n<div class=\"cmsmasters_row_margin\">\n<div class=\"cmsmasters_column one_first\">\n<div class=\"aligncenter\">\n<div class=\"cmsmasters_img  cmsmasters_image_c\">\n<img decoding=\"async\" src=\"https:\/\/evome.hr\/wp-content\/uploads\/2024\/11\/Prirucnici-za-katehete-i-dnevnik-putovanja-za-krizmanike.-Dvije-godine-pripreme.-Odlicni-prirucnici.-Autorski-tim-sastavljen-od-najboljih-i-najkreativnijih-ljudi.-Prirucnici-nastali-ovdje.-Nije-ni-5-2-300x300.png\" \/>\n<\/div>\n<\/div>\n<\/div>\n<\/div>\n<\/div>\n<\/div>\n<\/div>\n<\/div>\n<div id=\"cmsmasters_row_69f285a9b69815_45001058\" class=\"cmsmasters_row cmsmasters_color_scheme_default cmsmasters_row_top_default cmsmasters_row_bot_default cmsmasters_row_boxed\">\n<div class=\"cmsmasters_row_outer_parent\">\n<div class=\"cmsmasters_row_outer\">\n<div class=\"cmsmasters_row_inner\">\n<div class=\"cmsmasters_row_margin\">\n<div class=\"cmsmasters_column one_first\">\n<div class=\"cmsmasters_text\">\n<figure class=\"wp-block-gallery has-nested-images columns-default is-cropped wp-block-gallery-1 is-layout-flex wp-block-gallery-is-layout-flex\">Don Branko Bendra salezijanac je sve\u0107enik ro\u0111en 1988. u Zagrebu. Zavr\u0161io je Nadbiskupijsku klasi\u010dnu gimnaziju u Zagrebu nakon koje ulazi kao kandidat u Zajednicu za odgoj salezijanskih zvanja u Podsusedu te 2007. ulazi u novicijat u Pinerolu pokraj Torina. Zavr\u0161io je studij filozofije na Papinskom Sveu\u010dili\u0161tu Salesiana u Rimu nakon kojeg odlazi na dvije godine asistencije u Hrvatsku. Potom studira teolo\u0161ki studij na Sveu\u010dili\u0161tu Crocetta u Torinu. Za sve\u0107enika je zare\u0111en 14. svibnja 2016. u sveti\u0161tu Sveta Mati Slobode, polaganjem ruku i posvetnom molitvom mons. Valentina Pozai\u0107a. Po dolasku Hrvatsku obna\u0161ao je du\u017enost voditelja salezijanskog Oratorija don Bosco u \u017dep\u010du, salezijanskog povjerenika za pastoral mladih te \u017eupnog vikara u \u017dupi sv. Ivana Bosca u Podsusedu. Trenutno je vikar Hrvatske salezijanske provincije.Branko je dugogodi\u0161nji suradnik, prijatelj i podr\u017eavatelj na\u0161eg projekta Evo me, pa i samog programa \u201c\u017diva vatra\u201d.<br \/>Svoje bogato salezijanskog, pedago\u0161ko i teolo\u0161ko iskustvo dijeli kroz na\u0161 program \u201c\u017diva vatra\u201d tako \u0161to vodi formaciju kateheta uz Janju Tomi\u0107.\u00a0<\/p>\n<p>&nbsp;<\/p>\n<\/p>\n<\/figure>\n<p><!-- \/wp:post-content --><\/p>\n<p><!-- wp:paragraph --><\/p>\n<p><!-- \/wp:paragraph --><\/p>\n<\/div>\n<\/div>\n<\/div>\n<\/div>\n<\/div>\n<\/div>\n<\/div>\n","protected":false},"excerpt":{"rendered":"","protected":false},"featured_media":6541,"menu_order":0,"comment_status":"closed","ping_status":"closed","template":"","meta":{"footnotes":""},"pl-categs":[79],"class_list":["post-6529","profile","type-profile","status-publish","has-post-thumbnail","hentry","pl-categs-program-ziva-vatra"],"_links":{"self":[{"href":"https:\/\/evome.hr\/index.php?rest_route=\/wp\/v2\/profile\/6529","targetHints":{"allow":["GET"]}}],"collection":[{"href":"https:\/\/evome.hr\/index.php?rest_route=\/wp\/v2\/profile"}],"about":[{"href":"https:\/\/evome.hr\/index.php?rest_route=\/wp\/v2\/types\/profile"}],"replies":[{"embeddable":true,"href":"https:\/\/evome.hr\/index.php?rest_route=%2Fwp%2Fv2%2Fcomments&post=6529"}],"version-history":[{"count":14,"href":"https:\/\/evome.hr\/index.php?rest_route=\/wp\/v2\/profile\/6529\/revisions"}],"predecessor-version":[{"id":6920,"href":"https:\/\/evome.hr\/index.php?rest_route=\/wp\/v2\/profile\/6529\/revisions\/6920"}],"wp:featuredmedia":[{"embeddable":true,"href":"https:\/\/evome.hr\/index.php?rest_route=\/wp\/v2\/media\/6541"}],"wp:attachment":[{"href":"https:\/\/evome.hr\/index.php?rest_route=%2Fwp%2Fv2%2Fmedia&parent=6529"}],"wp:term":[{"taxonomy":"pl-categs","embeddable":true,"href":"https:\/\/evome.hr\/index.php?rest_route=%2Fwp%2Fv2%2Fpl-categs&post=6529"}],"curies":[{"name":"wp","href":"https:\/\/api.w.org\/{rel}","templated":true}]}}

<style type="text/css"> 
#cmsmasters_row_69f285a9b67b96_35714165 .cmsmasters_row_outer_parent { 
	padding-top: 0px; 
} 

#cmsmasters_row_69f285a9b67b96_35714165 .cmsmasters_row_outer_parent { 
	padding-bottom: 50px; 
} 

</style><div id="cmsmasters_row_69f285a9b67b96_35714165" class="cmsmasters_row cmsmasters_color_scheme_default cmsmasters_row_top_default cmsmasters_row_bot_default cmsmasters_row_boxed">
<div class="cmsmasters_row_outer_parent">
<div class="cmsmasters_row_outer">
<div class="cmsmasters_row_inner">
<div class="cmsmasters_row_margin">
<div class="cmsmasters_column one_first">
<div class="aligncenter">
<div class="cmsmasters_img  cmsmasters_image_c">
<img decoding="async" src="https://evome.hr/wp-content/uploads/2024/11/Prirucnici-za-katehete-i-dnevnik-putovanja-za-krizmanike.-Dvije-godine-pripreme.-Odlicni-prirucnici.-Autorski-tim-sastavljen-od-najboljih-i-najkreativnijih-ljudi.-Prirucnici-nastali-ovdje.-Nije-ni-5-2-300x300.png" />
</div>
</div>
</div>
</div>
</div>
</div>
</div>
</div>
<div id="cmsmasters_row_69f285a9b69815_45001058" class="cmsmasters_row cmsmasters_color_scheme_default cmsmasters_row_top_default cmsmasters_row_bot_default cmsmasters_row_boxed">
<div class="cmsmasters_row_outer_parent">
<div class="cmsmasters_row_outer">
<div class="cmsmasters_row_inner">
<div class="cmsmasters_row_margin">
<div class="cmsmasters_column one_first">
<div class="cmsmasters_text">
<figure class="wp-block-gallery has-nested-images columns-default is-cropped wp-block-gallery-1 is-layout-flex wp-block-gallery-is-layout-flex">Don Branko Bendra salezijanac je svećenik rođen 1988. u Zagrebu. Završio je Nadbiskupijsku klasičnu gimnaziju u Zagrebu nakon koje ulazi kao kandidat u Zajednicu za odgoj salezijanskih zvanja u Podsusedu te 2007. ulazi u novicijat u Pinerolu pokraj Torina. Završio je studij filozofije na Papinskom Sveučilištu Salesiana u Rimu nakon kojeg odlazi na dvije godine asistencije u Hrvatsku. Potom studira teološki studij na Sveučilištu Crocetta u Torinu. Za svećenika je zaređen 14. svibnja 2016. u svetištu Sveta Mati Slobode, polaganjem ruku i posvetnom molitvom mons. Valentina Pozaića. Po dolasku Hrvatsku obnašao je dužnost voditelja salezijanskog Oratorija don Bosco u Žepču, salezijanskog povjerenika za pastoral mladih te župnog vikara u Župi sv. Ivana Bosca u Podsusedu. Trenutno je vikar Hrvatske salezijanske provincije.Branko je dugogodišnji suradnik, prijatelj i podržavatelj našeg projekta Evo me, pa i samog programa “Živa vatra”.<br />Svoje bogato salezijanskog, pedagoško i teološko iskustvo dijeli kroz naš program “Živa vatra” tako što vodi formaciju kateheta uz Janju Tomić. </p>
<p>&nbsp;</p>
</p>
</figure>
<p><!-- /wp:post-content --></p>
<p><!-- wp:paragraph --></p>
<p><!-- /wp:paragraph --></p>
</div>
</div>
</div>
</div>
</div>
</div>
</div>
