{"id":6534,"date":"2024-11-08T14:38:40","date_gmt":"2024-11-08T13:38:40","guid":{"rendered":"https:\/\/evome.hr\/?post_type=profile&#038;p=6534"},"modified":"2024-11-20T17:04:34","modified_gmt":"2024-11-20T16:04:34","slug":"janja-tomic","status":"publish","type":"profile","link":"https:\/\/evome.hr\/?profile=janja-tomic","title":{"rendered":"Janja Tomi\u0107"},"content":{"rendered":"<style type=\"text\/css\"><\/style><div id=\"cmsmasters_row_69f28612b6a0c1_47449225\" class=\"cmsmasters_row cmsmasters_color_scheme_default cmsmasters_row_top_default cmsmasters_row_bot_default cmsmasters_row_boxed\">\n<div class=\"cmsmasters_row_outer_parent\">\n<div class=\"cmsmasters_row_outer\">\n<div class=\"cmsmasters_row_inner\">\n<div class=\"cmsmasters_row_margin\">\n<div class=\"cmsmasters_column one_first\">\n<div class=\"cmsmasters_text\">\n<figure class=\"wp-block-image size-large is-resized\"><img loading=\"lazy\" decoding=\"async\" width=\"1024\" height=\"1024\" class=\"wp-image-6901\" style=\"width: 456px; height: auto;\" src=\"https:\/\/evome.hr\/wp-content\/uploads\/2024\/11\/Prirucnici-za-katehete-i-dnevnik-putovanja-za-krizmanike.-Dvije-godine-pripreme.-Odlicni-prirucnici.-Autorski-tim-sastavljen-od-najboljih-i-najkreativnijih-ljudi.-Prirucnici-nastali-ovdje.-Nije-ni-3-1-1024x1024.png\" alt=\"\" srcset=\"https:\/\/evome.hr\/wp-content\/uploads\/2024\/11\/Prirucnici-za-katehete-i-dnevnik-putovanja-za-krizmanike.-Dvije-godine-pripreme.-Odlicni-prirucnici.-Autorski-tim-sastavljen-od-najboljih-i-najkreativnijih-ljudi.-Prirucnici-nastali-ovdje.-Nije-ni-3-1-1024x1024.png 1024w, https:\/\/evome.hr\/wp-content\/uploads\/2024\/11\/Prirucnici-za-katehete-i-dnevnik-putovanja-za-krizmanike.-Dvije-godine-pripreme.-Odlicni-prirucnici.-Autorski-tim-sastavljen-od-najboljih-i-najkreativnijih-ljudi.-Prirucnici-nastali-ovdje.-Nije-ni-3-1-300x300.png 300w, https:\/\/evome.hr\/wp-content\/uploads\/2024\/11\/Prirucnici-za-katehete-i-dnevnik-putovanja-za-krizmanike.-Dvije-godine-pripreme.-Odlicni-prirucnici.-Autorski-tim-sastavljen-od-najboljih-i-najkreativnijih-ljudi.-Prirucnici-nastali-ovdje.-Nije-ni-3-1-150x150.png 150w, https:\/\/evome.hr\/wp-content\/uploads\/2024\/11\/Prirucnici-za-katehete-i-dnevnik-putovanja-za-krizmanike.-Dvije-godine-pripreme.-Odlicni-prirucnici.-Autorski-tim-sastavljen-od-najboljih-i-najkreativnijih-ljudi.-Prirucnici-nastali-ovdje.-Nije-ni-3-1-768x768.png 768w, https:\/\/evome.hr\/wp-content\/uploads\/2024\/11\/Prirucnici-za-katehete-i-dnevnik-putovanja-za-krizmanike.-Dvije-godine-pripreme.-Odlicni-prirucnici.-Autorski-tim-sastavljen-od-najboljih-i-najkreativnijih-ljudi.-Prirucnici-nastali-ovdje.-Nije-ni-3-1-70x70.png 70w, https:\/\/evome.hr\/wp-content\/uploads\/2024\/11\/Prirucnici-za-katehete-i-dnevnik-putovanja-za-krizmanike.-Dvije-godine-pripreme.-Odlicni-prirucnici.-Autorski-tim-sastavljen-od-najboljih-i-najkreativnijih-ljudi.-Prirucnici-nastali-ovdje.-Nije-ni-3-1-360x360.png 360w, https:\/\/evome.hr\/wp-content\/uploads\/2024\/11\/Prirucnici-za-katehete-i-dnevnik-putovanja-za-krizmanike.-Dvije-godine-pripreme.-Odlicni-prirucnici.-Autorski-tim-sastavljen-od-najboljih-i-najkreativnijih-ljudi.-Prirucnici-nastali-ovdje.-Nije-ni-3-1-580x580.png 580w, https:\/\/evome.hr\/wp-content\/uploads\/2024\/11\/Prirucnici-za-katehete-i-dnevnik-putovanja-za-krizmanike.-Dvije-godine-pripreme.-Odlicni-prirucnici.-Autorski-tim-sastavljen-od-najboljih-i-najkreativnijih-ljudi.-Prirucnici-nastali-ovdje.-Nije-ni-3-1-860x860.png 860w, https:\/\/evome.hr\/wp-content\/uploads\/2024\/11\/Prirucnici-za-katehete-i-dnevnik-putovanja-za-krizmanike.-Dvije-godine-pripreme.-Odlicni-prirucnici.-Autorski-tim-sastavljen-od-najboljih-i-najkreativnijih-ljudi.-Prirucnici-nastali-ovdje.-Nije-ni-3-1.png 1080w\" sizes=\"auto, (max-width: 1024px) 100vw, 1024px\" \/><\/figure>\n<div class=\"wp-block-post-excerpt\">\n<p class=\"wp-block-post-excerpt__excerpt\">\n<\/div>\n<\/div>\n<div class=\"cmsmasters_text\">\n<p>Janja Tomi\u0107 dolazi iz mnogobrojne obitelji, njih \u010dak 6 sestara. U Slavonskom Brodu je zavr\u0161ila Klasi\u010dnu gimnaziju fra Marijana Lanosovi\u0107a, a nakon toga seli se u Zagreb zbog studija. Tijekom studiranja svoj drugi dom pronalazi u oratoriju na Jarunu, u kojem upoznaje i svog supruga.<br \/>Zavr\u0161ila je studij Ranog i pred\u0161kolskog odgoja te edukaciju za Montessori pedagoga, a trenutno poha\u0111a edukaciju za odgojitelja u vjeri. Janja radi kao odgojiteljica u dje\u010djem vrti\u0107u.<br \/>Autorica je nekoliko \u010dlanaka za Salesianu, a svoj put sa \u017divom Vatrom zapo\u010dela je 2020. Godine kao kateheta u pilot projektu. Sudjelovala je u izradi \u201cDnevnika putovanja\u201d, a sada je u ulozi voditeljice formacije za katehete u programu \u201c\u017diva Vatra\u201d.<br \/>U slobodno vrijeme voli \u010ditati, dru\u017eiti se s obitelji i prijateljima, kuhati, putovati, kreativno se izra\u017eavati i sanjariti velike stvari.Click here to change this text<\/p>\n<\/div>\n<\/div>\n<\/div>\n<\/div>\n<\/div>\n<\/div>\n<\/div>\n","protected":false},"excerpt":{"rendered":"","protected":false},"featured_media":6901,"menu_order":0,"comment_status":"closed","ping_status":"closed","template":"","meta":{"footnotes":""},"pl-categs":[79],"class_list":["post-6534","profile","type-profile","status-publish","has-post-thumbnail","hentry","pl-categs-program-ziva-vatra"],"_links":{"self":[{"href":"https:\/\/evome.hr\/index.php?rest_route=\/wp\/v2\/profile\/6534","targetHints":{"allow":["GET"]}}],"collection":[{"href":"https:\/\/evome.hr\/index.php?rest_route=\/wp\/v2\/profile"}],"about":[{"href":"https:\/\/evome.hr\/index.php?rest_route=\/wp\/v2\/types\/profile"}],"replies":[{"embeddable":true,"href":"https:\/\/evome.hr\/index.php?rest_route=%2Fwp%2Fv2%2Fcomments&post=6534"}],"version-history":[{"count":14,"href":"https:\/\/evome.hr\/index.php?rest_route=\/wp\/v2\/profile\/6534\/revisions"}],"predecessor-version":[{"id":6933,"href":"https:\/\/evome.hr\/index.php?rest_route=\/wp\/v2\/profile\/6534\/revisions\/6933"}],"wp:featuredmedia":[{"embeddable":true,"href":"https:\/\/evome.hr\/index.php?rest_route=\/wp\/v2\/media\/6901"}],"wp:attachment":[{"href":"https:\/\/evome.hr\/index.php?rest_route=%2Fwp%2Fv2%2Fmedia&parent=6534"}],"wp:term":[{"taxonomy":"pl-categs","embeddable":true,"href":"https:\/\/evome.hr\/index.php?rest_route=%2Fwp%2Fv2%2Fpl-categs&post=6534"}],"curies":[{"name":"wp","href":"https:\/\/api.w.org\/{rel}","templated":true}]}}

Janja Tomić

<style type="text/css"></style><div id="cmsmasters_row_69f28612b6a0c1_47449225" class="cmsmasters_row cmsmasters_color_scheme_default cmsmasters_row_top_default cmsmasters_row_bot_default cmsmasters_row_boxed">
<div class="cmsmasters_row_outer_parent">
<div class="cmsmasters_row_outer">
<div class="cmsmasters_row_inner">
<div class="cmsmasters_row_margin">
<div class="cmsmasters_column one_first">
<div class="cmsmasters_text">
<figure class="wp-block-image size-large is-resized"><img loading="lazy" decoding="async" width="1024" height="1024" class="wp-image-6901" style="width: 456px; height: auto;" src="https://evome.hr/wp-content/uploads/2024/11/Prirucnici-za-katehete-i-dnevnik-putovanja-za-krizmanike.-Dvije-godine-pripreme.-Odlicni-prirucnici.-Autorski-tim-sastavljen-od-najboljih-i-najkreativnijih-ljudi.-Prirucnici-nastali-ovdje.-Nije-ni-3-1-1024x1024.png" alt="" srcset="https://evome.hr/wp-content/uploads/2024/11/Prirucnici-za-katehete-i-dnevnik-putovanja-za-krizmanike.-Dvije-godine-pripreme.-Odlicni-prirucnici.-Autorski-tim-sastavljen-od-najboljih-i-najkreativnijih-ljudi.-Prirucnici-nastali-ovdje.-Nije-ni-3-1-1024x1024.png 1024w, https://evome.hr/wp-content/uploads/2024/11/Prirucnici-za-katehete-i-dnevnik-putovanja-za-krizmanike.-Dvije-godine-pripreme.-Odlicni-prirucnici.-Autorski-tim-sastavljen-od-najboljih-i-najkreativnijih-ljudi.-Prirucnici-nastali-ovdje.-Nije-ni-3-1-300x300.png 300w, https://evome.hr/wp-content/uploads/2024/11/Prirucnici-za-katehete-i-dnevnik-putovanja-za-krizmanike.-Dvije-godine-pripreme.-Odlicni-prirucnici.-Autorski-tim-sastavljen-od-najboljih-i-najkreativnijih-ljudi.-Prirucnici-nastali-ovdje.-Nije-ni-3-1-150x150.png 150w, https://evome.hr/wp-content/uploads/2024/11/Prirucnici-za-katehete-i-dnevnik-putovanja-za-krizmanike.-Dvije-godine-pripreme.-Odlicni-prirucnici.-Autorski-tim-sastavljen-od-najboljih-i-najkreativnijih-ljudi.-Prirucnici-nastali-ovdje.-Nije-ni-3-1-768x768.png 768w, https://evome.hr/wp-content/uploads/2024/11/Prirucnici-za-katehete-i-dnevnik-putovanja-za-krizmanike.-Dvije-godine-pripreme.-Odlicni-prirucnici.-Autorski-tim-sastavljen-od-najboljih-i-najkreativnijih-ljudi.-Prirucnici-nastali-ovdje.-Nije-ni-3-1-70x70.png 70w, https://evome.hr/wp-content/uploads/2024/11/Prirucnici-za-katehete-i-dnevnik-putovanja-za-krizmanike.-Dvije-godine-pripreme.-Odlicni-prirucnici.-Autorski-tim-sastavljen-od-najboljih-i-najkreativnijih-ljudi.-Prirucnici-nastali-ovdje.-Nije-ni-3-1-360x360.png 360w, https://evome.hr/wp-content/uploads/2024/11/Prirucnici-za-katehete-i-dnevnik-putovanja-za-krizmanike.-Dvije-godine-pripreme.-Odlicni-prirucnici.-Autorski-tim-sastavljen-od-najboljih-i-najkreativnijih-ljudi.-Prirucnici-nastali-ovdje.-Nije-ni-3-1-580x580.png 580w, https://evome.hr/wp-content/uploads/2024/11/Prirucnici-za-katehete-i-dnevnik-putovanja-za-krizmanike.-Dvije-godine-pripreme.-Odlicni-prirucnici.-Autorski-tim-sastavljen-od-najboljih-i-najkreativnijih-ljudi.-Prirucnici-nastali-ovdje.-Nije-ni-3-1-860x860.png 860w, https://evome.hr/wp-content/uploads/2024/11/Prirucnici-za-katehete-i-dnevnik-putovanja-za-krizmanike.-Dvije-godine-pripreme.-Odlicni-prirucnici.-Autorski-tim-sastavljen-od-najboljih-i-najkreativnijih-ljudi.-Prirucnici-nastali-ovdje.-Nije-ni-3-1.png 1080w" sizes="auto, (max-width: 1024px) 100vw, 1024px" /></figure>
<div class="wp-block-post-excerpt">
<p class="wp-block-post-excerpt__excerpt">
</div>
</div>
<div class="cmsmasters_text">
<p>Janja Tomić dolazi iz mnogobrojne obitelji, njih čak 6 sestara. U Slavonskom Brodu je završila Klasičnu gimnaziju fra Marijana Lanosovića, a nakon toga seli se u Zagreb zbog studija. Tijekom studiranja svoj drugi dom pronalazi u oratoriju na Jarunu, u kojem upoznaje i svog supruga.<br />Završila je studij Ranog i predškolskog odgoja te edukaciju za Montessori pedagoga, a trenutno pohađa edukaciju za odgojitelja u vjeri. Janja radi kao odgojiteljica u dječjem vrtiću.<br />Autorica je nekoliko članaka za Salesianu, a svoj put sa Živom Vatrom započela je 2020. Godine kao kateheta u pilot projektu. Sudjelovala je u izradi “Dnevnika putovanja”, a sada je u ulozi voditeljice formacije za katehete u programu “Živa Vatra”.<br />U slobodno vrijeme voli čitati, družiti se s obitelji i prijateljima, kuhati, putovati, kreativno se izražavati i sanjariti velike stvari.Click here to change this text</p>
</div>
</div>
</div>
</div>
</div>
</div>
</div>
